se 9, what is 513 + 15?
528
In base 11, what is 1a - -1211?
1230
In base 14, what is -c79b + -5?
-c7a2
In base 4, what is -10210330 - 2?
-10210332
In base 15, what is -318 + 1c?
-2eb
In base 3, what is 220101101102 + 11?
220101101120
In base 8, what is 1045 + -22403?
-21336
In base 7, what is 13254 - -52?
13336
In base 10, what is -3 - 47921?
-47924
In base 12, what is -2 + -64a9?
-64ab
In base 16, what is -1 + 60038?
60037
In base 12, what is -48 + 3356?
330a
In base 14, what is 670 - -4d?
6bd
In base 15, what is -65da + 37?
-65a3
In base 15, what is 4 + -20c?
-208
In base 7, what is 1335 + 4510?
6145
In base 3, what is 1102 + -10112?
-2010
In base 12, what is -308 - 58?
-364
In base 4, what is -31002103 + 1?
-31002102
In base 9, what is -21 + -10202?
-10223
In base 4, what is -3003 + -10023?
-13032
In base 5, what is 2 - -32124?
32131
In base 16, what is -26d - 51?
-2be
In base 13, what is 6 + -869c?
-8696
In base 16, what is -1 + -3f23?
-3f24
In base 11, what is -4669 + 1?
-4668
In base 11, what is 0 - 67809?
-67809
In base 2, what is -10110010 + 101001100111?
100110110101
In base 2, what is 1 + -10110010100100100?
-10110010100100011
In base 6, what is 4 + 5011355?
5011403
In base 10, what is 1 - -20595?
20596
In base 4, what is 110 - 3320002?
-3313232
In base 7, what is -154263 - -1?
-154262
In base 7, what is -3 - -502003?
502000
In base 3, what is -11 + -12220010000?
-12220010011
In base 13, what is -52338 + 8?
-52330
In base 2, what is -100110000000010011111 + 100?
-100110000000010011011
In base 5, what is 2242 - 102?
2140
In base 4, what is -1111 - 1303?
-3020
In base 15, what is -2 + -2068e?
-20691
In base 14, what is 30d - -b74?
1083
In base 4, what is -11 + -10210331?
-10211002
In base 3, what is -12 - 221011200021?
-221011200110
In base 2, what is 10 - -1010011110110?
1010011111000
In base 5, what is 14101421 - -1?
14101422
In base 5, what is -3001 + -1313?
-4314
In base 13, what is 3 + -34c5?
-34c2
In base 11, what is 103a35 + -6?
103a2a
In base 3, what is 22 + -212002220?
-212002121
In base 9, what is -5581 - -5?
-5575
In base 5, what is -40 + 11331123?
11331033
In base 15, what is -1a6 - -152?
-54
In base 7, what is -4 - 64?
-101
In base 3, what is -11211022 + -100?
-11211122
In base 4, what is -203220 - 10100?
-213320
In base 7, what is -24532 + -4?
-24536
In base 11, what is -18 - -1662?
1645
In base 14, what is 1a9 - d?
19a
In base 9, what is -7507 - -734?
-6663
In base 3, what is -12 + -20220021211?
-20220022000
In base 7, what is 26 + -1045330?
-1045301
In base 9, what is -745 - 143?
-888
In base 9, what is -26676 + 10?
-26666
In base 15, what is -24 + -1b4?
-1d8
In base 13, what is 494 - -12?
4a6
In base 13, what is -2 - c011?
-c013
In base 12, what is 1 + -4a33?
-4a32
In base 3, what is -11 + -2221220221202?
-2221220221220
In base 8, what is 101455 + 25?
101502
In base 6, what is -1410 + 314?
-1052
In base 12, what is -2819 - -123?
-26b6
In base 7, what is -11620 - 22?
-11642
In base 14, what is a - -7a691?
7a69b
In base 14, what is -280 - -27b2?
2532
In base 14, what is -283 - c9d?
-1142
In base 15, what is 36d + 38?
3a6
In base 12, what is a7305 - -6?
a730b
In base 16, what is 301 - -1b?
31c
In base 14, what is 5d09 - -3?
5d0c
In base 16, what is -8 + abd8?
abd0
In base 15, what is 13 + -8d40?
-8d2c
In base 9, what is 32210 + -2?
32207
In base 3, what is -11 - 12211010220?
-12211011001
In base 11, what is 0 - a8395?
-a8395
In base 11, what is 19 - -204?
222
In base 8, what is 40 - 215474?
-215434
In base 6, what is -304554 + 0?
-304554
In base 14, what is 0 - -143ab?
143ab
In base 10, what is 1 - -32809?
32810
In base 16, what is -5 - -1f0a6?
1f0a1
In base 2, what is -1 + -1011101000111?
-1011101001000
In base 9, what is -3 + 62478?
62475
In base 12, what is 2a0 + 43?
323
In base 7, what is 123050 + 110?
123160
In base 9, what is 6 + 7211?
7217
In base 16, what is -1ca - -5e?
-16c
In base 2, what is -10111000 - 10001011?
-101000011
In base 3, what is -102101201022 + -12?
-102101201111
In base 10, what is -8355 + -29?
-8384
In base 4, what is 200223102 - 0?
200223102
In base 4, what is -12 + -1023203?
-1023221
In base 8, what is -1260 - 272?
-1552
In base 6, what is 234 - -1001?
1235
In base 5, what is 200034 - -110?
200144
In base 10, what is -1825355 + 3?
-1825352
In base 13, what is 47a - -7?
484
In base 10, what is 19994 + -3?
19991
In base 12, what is -215 - -93?
-142
In base 7, what is 504 + -1443?
-636
In base 11, what is -139744 - -4?
-139740
In base 14, what is -4 + -a33b?
-a341
In base 5, what is 10 - -303242?
303302
In base 4, what is -302 + 22112?
21210
In base 15, what is 3 + -b2cd?
-b2ca
In base 8, what is -11 - -120?
107
In base 16, what is 961f + -9?
9616
In base 6, what is -421522 + -4?
-421530
In base 10, what is 39 - -200?
239
In base 6, what is 2535341 + 0?
2535341
In base 3, what is 102221202000 - -2?
102221202002
In base 2, what is 1 + -11110100010001?
-11110100010000
In base 14, what is -1b + 1349b?
13480
In base 15, what is -7 - -3b?
34
In base 3, what is 1201110 + 20121?
1222001
In base 4, what is 112130220 - -2?
112130222
In base 11, what is 33 + 21824?
21857
In base 2, what is -110000011111 + 101001011101?
-111000010
In base 7, what is -5510 + 1002?
-4505
In base 6, what is 421 + -41454?
-41033
In base 13, what is 10650b + 4?
106512
In base 15, what is b36 - 8e?
a97
In base 14, what is 44c6 + -5?
44c1
In base 6, what is -543414 - -20?
-543354
In base 12, what is -1188 + -263?
-142b
In base 10, what is -3 + 7294?
7291
In base 13, what is 0 + 11231c?
11231c
In base 14, what is -94dc + a?
-94d2
In base 16, what is -bd1 - -1eb?
-9e6
In base 14, what is -c - -1a254?
1a246
In base 9, what is -86034 - -2?
-86032
In base 14, what is -1 - 7bd88?
-7bd89
In base 4, what is 30310 - -23?
30333
In base 15, what is -a - d0e?
-d19
In base 10, what is -142 + -662?
-804
In base 15, what is 1 + -1baed?
-1baec
In base 3, what is 110011211 + 1?
110011212
In base 2, what is 1101100010 + -100011?
1100111111
In base 6, what is 40331 - 42?
40245
In base 16, what is -227e + 14?
-226a
In base 10, what is 0 - -422941?
422941
In base 2, what is 11001111 - -110101?
100000100
In base 10, what is -124545 - 0?
-124545
In base 14, what is -d656c - 1?
-d656d
In base 13, what is -2 - -1b9c?
1b9a
In base 3, what is 2 - -221010011?
221010020
In base 11, what is -89 - -3314?
3236
In base 9, what is -1300 + -4?
-1304
In base 2, what is -1010 - -10010010101001?
10010010011111
In base 6, what is -25404135 - 5?
-25404144
In base 8, what is 6111 + 223?
6334
In base 3, what is 0 - -112022200002?
112022200002
In base 14, what is -15c7 - 19?
-1602
In base 14, what is -463c + -2?
-4640
In base 11, what is 4 - -115717?
115720
In base 4, what is 11 - 302302300?
-302302223
In base 16, what is -34 - a?
-3e
In base 9, what is 1737464 - -5?
1737470
In base 14, what is 2c1bd + -5?
2c1b8
In base 5, what is 102 - -21104?
21211
In base 4, what is -23310 + -1021?
-30331
In base 8, what is -4 + 70322?
70316
In base 6, what is 10051031 - 0?
10051031
In base 3, what is -12 + 112202112?
112202100
In base 2, what is 1101110101101110 - 10?
1101110101101100
In base 2, what is 1000000100110 - -101000?
1000001001110
In base 15, what is a4bd - 9?
a4b4
In base 14, what is -9c07 - 0?
-9c07
In base 16, what is 47d + 84?
501
In base 6, what is -4 - 122405?
-122413
In base 8, what is 20 + 151602?
151622
In base 12, what is -226 - 102?
-328
In base 6, what is 1321 + -224?
1053
In base 7, what is 0 + 1101340?
1101340
In base 10, what is -3 - -18872?
18869
In base 12, what is -6b63a + -4?
-6b642
In base 16, what is -4 - -9dea?
9de6
In base 13, what is -7 + 6c660?
6c656
In base 12, what is 421 - 16?
407
In base 9, what is -31546 - -4?
-31542
In base 8, what is 35131 + -22?
35107
In base 13, what is 37 - -5665?
569c
In base 7, what is -116000 - 4?
-116004
In base 6, what is -242 + -2322?
-3004
In base 10, what is -11739 - 6?
-11745
In base 13, what is -4 - 17949?
-17950
In base 5, what is 12010 + 2?
12012
In base 5, what is -13323014 + -11?
-13323030
In base 7, what is -22 - -4522?
4500
In base 16, what is -4 + c9eba?
c9eb6
In base 14, what is -1377 - -4?
-1373
In base 11, what is 3 - -279779?
279781
In base 11, what is 2962 + -53?
290a
In base 3, what is 221 + 10121